ded by (13 - 0) + 5 + 8/(-2)?
6
Let z(n) = -2*n + 13. Let i be z(6). Let c = i + 3. Calculate the remainder when 21 is divided by c.
1
Suppose 4*g + 386 = -2*l - 556, 4*g = -4*l - 936. Let h = g - -159. Let k = -31 - h. What is the remainder when k is divided by 16?
15
Let o(i) = -7*i - 18. Let m be o(-3). Suppose 0 = -4*n + 2*v + 140, m*n + v - 103 = 3*v. Calculate the remainder when n is divided by 13.
11
Suppose 121 = -21*x + 205. What is the remainder when 4 + (3 - 3) - -15 is divided by x?
3
Let q = 44 + 1. Suppose -3*c - 2*c + q = 0. What is the remainder when 13 is divided by 66/c + (-4)/(-6)?
5
Suppose q - 5*q = 0. Suppose -f - 4*r + 157 = -0*f, q = f - r - 142. Suppose -4*s + f = s. What is the remainder when s is divided by 8?
5
Let a(h) = 3*h + 11. Let g be a(-3). Suppose -2 = -2*l, g*l - 8 = -m + 6*l. What is the remainder when m is divided by 8?
4
Suppose 11*l - 1034 - 1705 = 0. What is the remainder when l is divided by 11?
7
Let c be 42/(2 + 10/(-8)). Let f be c/20 + (-3)/(-15). What is the remainder when (-357)/(-14)*2/f is divided by 6?
5
Let s be 2/(7/((-49)/3))*-3. Suppose -3*y = 4*i - 28, 0*y - 2*y = 2*i - s. What is the remainder when 41 is divided by i?
6
Let y(m) = -m**3 + 7*m**2 - 10*m - 3. What is the remainder when (-156)/(-8)*(-1 - -3) is divided by y(4)?
4
Suppose -6*j + 147 = -39. What is the remainder when 41 is divided by j?
10
Let m(w) = w**2 + 10*w - 9. Let i be m(-11). Suppose -5*r = 3*h - 119, i*h - 1 - 27 = -r. What is the remainder when (660/(-2))/(-5) + -1 is divided by r?
21
Let o(x) be the third derivative of 19*x**4/8 + x**3/6 - 21*x**2. Calculate the remainder when o(1) is divided by 15.
13
Suppose 6 = 2*f - 22. Suppose -720 + 180 = -15*o. Calculate the remainder when o is divided by f.
8
Suppose 10*o + 95 = t + 13*o, -4*t + o + 315 = 0. Calculate the remainder when 556 is divided by t.
76
What is the remainder when -3 + (-590)/(-12) - (-12)/(-72) is divided by 19?
8
Let z(l) = -l**3 - l. Let r(x) = 6*x**3 - 11*x**2 - 5*x - 11. Let b(g) = r(g) + 5*z(g). What is the remainder when b(12) is divided by 9*4/6 + -1?
3
Calculate the remainder when 2943/24 - 3/(-8) is divided by 23.
8
Let n = 31 + 54. Let w(z) = -5*z + 14. Let c be w(-14). Suppose -2*u + 64 = 2*a, -3*u + 3*a + c = 2*a. What is the remainder when n is divided by u?
27
Suppose -11*g - 28 = -7*g. What is the remainder when 81 is divided by g/(35/(-15) + 2)?
18
Suppose 3*a + 45 - 66 = -4*z, 4*a - 21 = -3*z. What is the remainder when 7 is divided by a?
1
What is the remainder when 178 + 43 - (2 + (0 - 1)) is divided by 72?
4
Let z = 771 - 733. Calculate the remainder when 186 is divided by z.
34
Suppose 41 = -3*y + 5*t, t + 3 = 7. What is the remainder when (-1)/(0 - (-1)/(-14)) is divided by (-58)/y + 10/(-35)?
6
Let n = -60 - -251. Calculate the remainder when n is divided by 16.
15
Suppose p = -p. Suppose -4*g + 3*g - 10 = p. Let c(k) = k**3 + 10*k**2 + 6. What is the remainder when 22 is divided by c(g)?
4
Let z = -42 + 46. Suppose -d + 275 = z*x + 4*d, 3*d = -4*x + 269. Calculate the remainder when x is divided by 17.
14
Suppose 0 = -14*t - 15*t + 1595. What is the remainder when t is divided by 12?
7
Suppose i - 4*z = 36, 4*i - 42 = 5*z + 69. Let t = 30 - i. Calculate the remainder when 19 is divided by t.
1
Let l = 21 - 9. Let z = 536 - 489. What is the remainder when z is divided by l?
11
Suppose -7*n + 12*n = 4*d + 1119, 0 = n - 3*d - 215. What is the remainder when n is divided by 68?
23
Let r(o) = -6*o + 0*o + 23 + 4*o - 5*o. What is the remainder when 200 is divided by r(-4)?
47
Suppose 0 = -3*z + 11 + 16. What is the remainder when z is divided by 3/(-5) - (-65)/25?
1
Let c be 3/2 + 12/(-8). Suppose c = 5*g - 297 - 13. What is the remainder when g is divided by 9?
8
Let m(w) = w**3 + 12*w**2 + 26*w + 6. Calculate the remainder when 262 is divided by m(-6).
64
Let v be 2*(-4 + 0 + 3). Calculate the remainder when 11 is divided by v/(1 - 36/28).
4
Suppose 0 = -3*i - i + 144. Suppose -3*v + i = -0*v. Suppose 43 = 2*l - 3*a, 0 = 2*l - a - 41. What is the remainder when l is divided by v?
8
Let d(w) = w**2 - 10*w - 24. Let p(h) = 2*h**2 - 7*h + 2. What is the remainder when d(-4) is divided by p(5)?
15
What is the remainder when 23 is divided by 18/(-2)*(21/3)/(-7)?
5
Suppose 3*z + 8 = 7*z. Suppose -4 = 2*n + 4*g + 8, -2*n - 2 = z*g. Suppose n*w = w + 69. What is the remainder when 68 is divided by w?
22
Let g = -146 + 47. What is the remainder when 86 is divided by (g/(-12))/((-3)/(-8))?
20
Calculate the remainder when (-54)/((-12)/(-84)*1*-2) is divided by 8.
5
Suppose f + 2*f + 2*p = 55, 4*f + 5*p = 85. What is the remainder when f is divided by 15?
0
Let v = 50 - 26. Suppose -8 = -m + v. Calculate the remainder when m is divided by 56/16*2*(-3)/(-3).
4
Let d(g) = g**3 + 14*g**2 - 19*g. What is the remainder when 538 is divided by d(-15)?
58
Suppose 3*y - 3 = 3*d, -2 = -2*y + 3*d - 1. Suppose 868*n + 16 = 870*n. Calculate the remainder when n is divided by y.
0
Suppose -5*r - 40*k + 695 = -36*k, 0 = -5*r - 2*k + 685. Calculate the remainder when r is divided by 68.
67
Let p = 195 + -182. What is the remainder when 63 is divided by p?
11
Let r be ((-10)/4)/((-6)/12). Let w(a) = 5 - r - 12 - 2*a. What is the remainder when w(-9) is divided by 2?
0
Let b = -5 - -10. Suppose -5*d = -25, b*c - 11 = 2*d + 4. Suppose -2*j + 5*z - 7 = -23, 0 = -j + c*z - 2. Calculate the remainder when 53 is divided by j.
17
Suppose 7*l - 8*l + y + 100 = 0, -3*l - y = -304. What is the remainder when l is divided by 22?
13
Suppose 81 = -4*i - 71. Let w = 46 + i. What is the remainder when 13 is divided by w?
5
Let v(q) = 2*q + 29. Suppose -5*l - 5 = -4*r, -3*r - 4*l = 2 + 2. Calculate the remainder when v(r) is divided by ((-32)/(-20))/(2/20).
13
Let p(j) = -j**2 + 9*j + 9. Let y be p(8). Let g(r) = r + 20. What is the remainder when g(y) is divided by 19?
18
Let v = 121 - 102. What is the remainder when 0 + 2 + (1 - -69) is divided by v?
15
Let r(c) = 9*c + 13. Let b be r(-3). Let s = 17 - b. Suppose -6 = -j + 10. What is the remainder when s is divided by j?
15
Let t(z) = 14*z**2 - 9*z + 10. Calculate the remainder when t(6) is divided by 66.
64
Calculate the remainder when 78 is divided by 121/3 - 11/132*4.
38
Suppose 7*s = 56 + 91. Suppose 5*w - s = 74. What is the remainder when 75 is divided by w?
18
Let r = 52 - 24. Suppose 11*l = 18*l - r. Calculate the remainder when ((-18)/4)/((-6)/16) is divided by l.
0
Let c(z) = 12*z + 100. Calculate the remainder when 497 is divided by c(0).
97
Suppose -z = 4*a - 22 - 13, -z + 39 = 5*a. Suppose 0 = -m - z + 88. Suppose -6 = 3*d - m. Calculate the remainder when d is divided by 6.
3
Suppose -v + 2*o = -410, -3*v + 4*o = -5*v + 852. Calculate the remainder when v is divided by 21.
19
Calculate the remainder when -1*((-1)/3)/(66/84546) is divided by 140.
7
Let m be (-152)/(-24) + (-2)/6. Let q = m + 7. Let n(b) = b**3 + 5*b**2 - 6*b + 7. What is the remainder when n(-5) is divided by q?
11
Suppose 3*k - u = -28, -k - u = -1 + 5. Let l(f) = -2*f**2 - 16*f + 8. What is the remainder when l(k) is divided by 5?
3
Let j be 3 + 5 + 3*-1. Suppose 4*x = -3*n + 21, -n = 3*n - j*x + 3. What is the remainder when 13 is divided by n?
1
Let m = 39 - 31. What is the remainder when 137 is divided by 4*(-2 + 108/m)?
45
Suppose 24 = -2*p - z, 4*p + 0*z - 2*z + 64 = 0. Let x = p + 26. Calculate the remainder when 34 is divided by x.
10
Suppose 3*z - 21 = -3*t + 162, 3*z - 163 = t. What is the remainder when z is divided by 6?
2
Calculate the remainder when (-498)/(-4)*(-10)/90*-12 is divided by 42.
40
What is the remainder when -54*(-10)/14*56/16 is divided by 68?
67
Let r = -74 - -78. What is the remainder when (-1)/(-4) + 227/r is divided by 15?
12
Let x(j) = 12 - 12 + 2*j + 15 - 2. Let l(c) = c**2 + c - 4. Calculate the remainder when x(9) is divided by l(3).
7
Let v(o) = 2*o**2 - 3*o - 2. Suppose 0 = -4*h - 8*h + 492. Calculate the remainder when h is divided by v(3).
6
Let v = 179 - -84. Suppose 2*b + 3*a - 56 = b, -a = -4*b + v. Calculate the remainder when b is divided by 22.
21
Suppose -3*j + 2*j - 8 = -2*w, -4*w = -4*j - 12. Let g be -4 + -4 + (4 - j). What is the remainder when 33 is divided by 27/g*24/(-9)?
9
Suppose 